housands digit of 3/((138/(-117668))/((-6)/4))?
3
Let v be 6/(-15) + 14/10. Let i be v/2 + 0 + 6/12. Let w(r) = 95*r**2 - r + 1. What is the tens digit of w(i)?
9
Suppose -16*p = -47*p + 880276. What is the hundreds digit of p?
3
Suppose 0 = -2*k - 3*p + 140734, 0 = 3*k - 6*p - 99203 - 111835. What is the thousands digit of k?
0
Let l(s) = 4*s + 17. Let g(a) = -a**3 + 14*a**2 - 11*a - 4. Let q be g(13). Let k be l(q). Suppose 7 = -o + k. What is the tens digit of o?
9
Suppose 12*h + 3657 = 4*s + 7*h, s = 5*h + 903. What is the units digit of s?
8
Let m be (-2)/(-11) - (-8724)/(-66). Let f = -205 - m. Let y = f + 88. What is the units digit of y?
5
What is the ten thousands digit of (-26)/8 + 134445660/2608?
5
Let i = -6803 - -16133. What is the units digit of i?
0
Suppose 0*i - i - 14 = -t, -i + 5*t - 14 = 0. What is the tens digit of 1992/27 + i/(-63)?
7
Let d = 45267 + -17156. What is the thousands digit of d?
8
Let h = 7884 + -5375. What is the units digit of h?
9
Suppose -5*j = -6 + 1. Let y(b) = b. Let d(x) = 13*x**3 - 4*x**2 + 7*x + 2. Let f(s) = j*d(s) - 3*y(s). What is the units digit of f(2)?
8
Suppose 12*p + s - 3377 = 15*p, -p + 4*s - 1111 = 0. What is the units digit of (-1)/2*(p - 9)?
8
Let z(k) be the third derivative of -19*k**4/24 + 8*k**3/3 - 4*k**2. Let o be z(5). Let d = o - -191. What is the units digit of d?
2
Let f = -155 - -66. Let t = f - -124. What is the units digit of t?
5
Let d(r) be the second derivative of 51/2*r**2 + 4*r + 0 - 1/3*r**3. What is the tens digit of d(0)?
5
Suppose -2*g - 6 = 8. Let h(u) = -5*u**3 - 20*u**2 + 5*u - 3. What is the tens digit of h(g)?
9
Suppose -2*g + 3*o = -88, -4*g - 96 = 5*o - 294. Let y = 48 - g. What is the hundreds digit of y + 98 + 2 - -2?
1
Let p be 2/(-16) + (6 - 93668/(-32)). Suppose 0 = -12*w + 5*w + p. What is the tens digit of w?
1
What is the units digit of (22 - 25) + 50142 + (-2 - -1)?
8
Let n = 3233 - 1088. What is the hundreds digit of n?
1
Let x be (-10)/(-6)*150/25. Suppose x*n - 1798 = 2902. What is the hundreds digit of n?
4
Suppose -19*u + 18*u = -30*u + 194909. What is the hundreds digit of u?
7
Let a = 10 - 5. Suppose 0*v = a*v. Suppose -6*w + 555 + 105 = v. What is the hundreds digit of w?
1
Let g = 1720 - -572. Suppose -29*n = -17*n - g. What is the units digit of n?
1
Let h = 271 - 272. Let o(a) = -353*a**2 + 13*a + 2. Let q(x) = -177*x**2 + 6*x + 1. Let b(l) = 6*o(l) - 13*q(l). What is the hundreds digit of b(h)?
1
Suppose 346 = s + j, -2211 = -4*s + 5*j - 782. Suppose 0 = 3*b - 3*u - s, -33 - 450 = -4*b - u. What is the tens digit of b?
2
Suppose -2*n + 45 = -75. Suppose 2*i = 3*v + 75, i + 75 = 5*v - 8*v. Let p = v + n. What is the units digit of p?
5
Let s be (-1 + 146)*(2 - 1). Let z(g) = 19*g + 176. Let w be z(-9). Suppose w*h - 45 - s = 0. What is the units digit of h?
8
Let t = -5879 - -8303. Suppose 8*r = t + 2616. What is the tens digit of r?
3
Suppose 57744 + 22743 = 3*d - 57621. What is the thousands digit of d?
6
Let g = -49 - -49. Suppose g = 281*d - 285*d + 932. What is the units digit of d?
3
Let m(b) = 116*b**3 - b**2 - 11*b. What is the hundreds digit of m(4)?
3
Suppose -3*o - 89 = -4*x + 36, -o = -x + 32. Suppose 0 = x*t - 33*t + 3168. Suppose -3*c - t = -7*c. What is the tens digit of c?
9
What is the units digit of 35/140*(1 + 0) - 5735/(-4)?
4
Suppose -3*g + y = -17, g = -y + 7 - 0. Suppose -5*a = g*n - n - 10, 5*n - 2 = -a. Suppose 0 = -4*f - 16, 4*v = 2*f + a*f + 160. What is the tens digit of v?
3
Let l be ((-4)/2)/(10/(-985)). Suppose t = 3*c + l - 39, -5*c = -4*t + 611. Let j = -98 + t. What is the tens digit of j?
5
Suppose w = 4*g - 3019, w + 1083 = -5*g + 4850. Let s = g + -286. What is the tens digit of s?
6
Suppose 2*z - z = -t + 22, -5*t = -2*z - 75. Suppose 16*y + t*y = 858. What is the units digit of y?
6
Suppose -6*l + 4*d - 7996 = -l, 3205 = -2*l - 5*d. What is the units digit of (2*85/2)/((-100)/l)?
0
Let i = 5629 - 435. What is the thousands digit of i?
5
Let z(f) = f**2 + 28*f + 149. Let y be z(-23). Let c = -36 + 108. Let h = c - y. What is the units digit of h?
8
Let o(g) = -527*g + 16. Let b be o(-3). Let a = -846 + b. What is the units digit of a?
1
Let g = 45 - -25. Let p = 5 + g. Let f = p + -51. What is the units digit of f?
4
Suppose -41*n = -29*n + 1764. Let a be (554/6)/((-3)/9). Let x = n - a. What is the hundreds digit of x?
1
Suppose -68*b + 7469605 = 335*b. What is the tens digit of b?
3
What is the ten thousands digit of 44/33 - 4318848/(-54)?
7
What is the tens digit of ((-8450)/260)/(5/(-1182))?
8
Suppose 4*z - 77 + 53 = 0. Suppose 9*h - z*h - 333 = 0. What is the tens digit of h?
1
Let j(b) = -2*b**3 + 11*b**2 + 2*b + 19. Let h be j(6). What is the tens digit of (-3843)/(h + -2) + -4?
4
Suppose 5*j - 27099 = 3*p, -15833 = -4*j + 4*p + 5851. What is the units digit of j?
8
Let l = -3545 + 6151. What is the units digit of l?
6
Suppose -12*z = -242 - 142. Let s = z + -34. What is the units digit of 1757/15 + s/(-60)*-4?
7
Let c(p) = 3*p**3 - 31*p**2 - 56*p + 71. What is the units digit of c(25)?
1
Let r = -1255 + 2137. Let x = r - 623. What is the tens digit of x?
5
Suppose -17 + 7 = -5*r. Suppose -3*z - 23 = -r*z - 4*c, z + c - 2 = 0. What is the units digit of ((-38)/8 - z)/(2/(-16))?
4
Let g(w) = 40*w - 61*w - 24 + 91*w. Suppose -4*m = -5*p - 0*p + 19, -3*m + 3 = 2*p. What is the hundreds digit of g(p)?
1
Suppose -75336 = -3*c + 2*b, -5*b = 11*c - 8*c - 75315. What is the hundreds digit of c?
1
Suppose -3*y - 1042 = v, 2*v + 1390 = -4*y + v. Let j = y - -1223. What is the hundreds digit of j?
8
Let w = 135 + -93. Let y = -206 + w. Let l = 303 + y. What is the tens digit of l?
3
Let h be ((-14)/(-3))/(4/6). Let z(o) = 2*o**3 - 8*o**2 - 5. Let x be z(6). What is the hundreds digit of (3 + (3 - h))/((-1)/x)?
1
Let z be ((28/35)/(-2))/((-2)/20). Suppose 0 = 2*q + z*t - 1652, 2*t = -5*q - 2*t + 4112. What is the units digit of q?
0
Let j(p) be the second derivative of p**5/5 - p**4/12 - 2*p**3 - 3*p**2 + 150*p. What is the tens digit of j(6)?
5
What is the tens digit of 13951*(-5*(-20)/50 - (3 + -2))?
5
Suppose 0 = -4*j + 2*f + 114820, j - 16*f - 28726 = -12*f. What is the tens digit of j?
0
Let f(n) = n**3 + 4*n**2 - 2*n - 12. Let a be f(-5). What is the units digit of 306/a*3/(-2)?
7
Suppose 0 = 4*r - 5*h - 5469, -2*r + 7*h - 6*h + 2727 = 0. What is the thousands digit of r?
1
Let z = 5885 + -649. What is the units digit of z?
6
Let y be (24/(-16))/((-3)/8). Suppose -4*l - 229 = -5*o + 1254, 0 = 4*o - y*l - 1184. What is the tens digit of o?
9
Let t(f) = -2*f + 14. Suppose 3*y - 36 = 3*v, 0*y + 2*v = 3*y - 35. Let b be t(y). Let a = 2 - b. What is the units digit of a?
0
Let p(u) = 2*u + 388. What is the units digit of p(-42)?
4
Let x(y) = -7*y**3 + 2*y**2 - 4*y - 3. Let z be x(-2). Suppose 0 = -14*o - 27 + z. What is the hundreds digit of (18/12)/((o/448)/1)?
2
Let h(z) = -z**2 - 9*z + 30. Let m be h(11). Let l = -149 - m. What is the units digit of l?
1
Suppose -67*l - 24 = -70*l, 2*a + 2*l - 99348 = 0. What is the thousands digit of a?
9
Suppose -2*z = p - 9, -z - p = p. Suppose 0 = z*a + 12*a - 630. What is the tens digit of a?
3
Suppose -65*v = -125*v + 1509120. What is the units digit of v?
2
What is the units digit of (-11)/(77/266)*(-5)/10*1735?
5
Suppose t + 1 - 3 = 0. Suppose 4*r - 1026 = 2*d, t*r - 3*r - 2*d + 244 = 0. Suppose 0 = -3*a - 4*b + r, 3*a - 8 = -2*b + 242. What is the tens digit of a?
8
Let u(y) = -y**3 + y**2 - 2. Let h be u(-1). Suppose h = -2*d + 553 + 341. Suppose 7*o = d + 232. What is the units digit of o?
7
Suppose o + m - 7007 - 4742 = 0, 0 = -5*o + 2*m + 58731. What is the tens digit of o?
4
Let z(q) be the third derivative of -q**6/30 - 4*q**5/15 - 5*q**4/12 - 11*q**3/6 + 17*q**2. Let i be z(-11). What is the units digit of 2/(-7) - i/(-77)?
5
What is the hundreds digit of 1/(7945/(-11919) + 28/42)?
9
Suppose -8*y + 910 + 266 = 0. Suppose k - y = 2*c - 3*c, -5*k + 10 = 0. Let f = 249 - c. What is the tens digit of f?
0
Let j(a) = -4. Let k(d) = 10*d + 14. Let c(g) = -3*j(g) - k(g). What is the hundreds digit of c(-13)?
1
Suppose 0 = 11*o + 31*o - 84. What is the units digit of (416/6)/((-2)/(-8 + o))?
8
Let s be 25 + (4 + -5)*1. Let n = 9 - s. What is the units digit